{"id":140,"date":"2023-05-12T14:14:23","date_gmt":"2023-05-12T13:14:23","guid":{"rendered":"https:\/\/mediab.si\/?page_id=140"},"modified":"2023-05-13T19:01:06","modified_gmt":"2023-05-13T18:01:06","slug":"okna","status":"publish","type":"page","link":"https:\/\/mediab.si\/index.php\/okna\/","title":{"rendered":"Okna"},"content":{"rendered":"\n<h2 class=\"wp-block-heading\">\u010ci\u0161\u010denje oken in steklenih povr\u0161in<\/h2>\n\n\n\n<p>Velik pomen pri estetskem videzu objekta igrajo steklene povr\u0161ine, ki pa se zaradi ob\u010dutljivosti hitro uma\u017eejo in se na njih dodatno nabirajo pra\u0161ni delci ter ostala umazanija. \u010ci\u0161\u010denje oken in drugih steklenih povr\u0161in\u00a0zato zahteva kar nekaj truda, poleg tega pa je \u010di\u0161\u010denje potrebno tudi ustrezno izvesti, saj sicer ne bomo dosegli \u017eelenih u\u010dinkov.<\/p>\n\n\n\n<p>Poleg klasi\u010dnih preizku\u0161enih metod \u010di\u0161\u010denja vam predstavljamo sistem za pomivanje z demineralizirano vodo, sistem Hydro Power HiFlo. Ta sistem ima izredno \u010distilno mo\u010d brez uporabe \u010distil, povr\u0161ina pa po \u010di\u0161\u010denju ostane brez made\u017eev in lis.<\/p>\n\n\n\n<figure class=\"wp-block-gallery has-nested-images columns-default is-cropped wp-block-gallery-1 is-layout-flex wp-block-gallery-is-layout-flex\">\n<figure class=\"wp-block-image size-large\"><img loading=\"lazy\" decoding=\"async\" width=\"706\" height=\"1024\" data-id=\"215\" src=\"https:\/\/mediab.si\/wp-content\/uploads\/2023\/05\/HiFlo-sistem-unger-ciscenje-stekla-1-706x1024.jpg\" alt=\"\" class=\"wp-image-215\" srcset=\"https:\/\/mediab.si\/wp-content\/uploads\/2023\/05\/HiFlo-sistem-unger-ciscenje-stekla-1-706x1024.jpg 706w, https:\/\/mediab.si\/wp-content\/uploads\/2023\/05\/HiFlo-sistem-unger-ciscenje-stekla-1-207x300.jpg 207w, https:\/\/mediab.si\/wp-content\/uploads\/2023\/05\/HiFlo-sistem-unger-ciscenje-stekla-1-768x1114.jpg 768w, https:\/\/mediab.si\/wp-content\/uploads\/2023\/05\/HiFlo-sistem-unger-ciscenje-stekla-1.jpg 827w\" sizes=\"auto, (max-width: 706px) 100vw, 706px\" \/><\/figure>\n\n\n\n<figure class=\"wp-block-image size-large\"><img loading=\"lazy\" decoding=\"async\" width=\"1024\" height=\"768\" data-id=\"216\" src=\"https:\/\/mediab.si\/wp-content\/uploads\/2023\/05\/Cisceje-soncne-elektrarne-sistem-unger-krtaca-1024x768.jpg\" alt=\"\" class=\"wp-image-216\" srcset=\"https:\/\/mediab.si\/wp-content\/uploads\/2023\/05\/Cisceje-soncne-elektrarne-sistem-unger-krtaca-1024x768.jpg 1024w, https:\/\/mediab.si\/wp-content\/uploads\/2023\/05\/Cisceje-soncne-elektrarne-sistem-unger-krtaca-300x225.jpg 300w, https:\/\/mediab.si\/wp-content\/uploads\/2023\/05\/Cisceje-soncne-elektrarne-sistem-unger-krtaca-768x576.jpg 768w, https:\/\/mediab.si\/wp-content\/uploads\/2023\/05\/Cisceje-soncne-elektrarne-sistem-unger-krtaca-1536x1152.jpg 1536w, https:\/\/mediab.si\/wp-content\/uploads\/2023\/05\/Cisceje-soncne-elektrarne-sistem-unger-krtaca-2048x1536.jpg 2048w, https:\/\/mediab.si\/wp-content\/uploads\/2023\/05\/Cisceje-soncne-elektrarne-sistem-unger-krtaca-2000x1500.jpg 2000w\" sizes=\"auto, (max-width: 1024px) 100vw, 1024px\" \/><\/figure>\n<\/figure>\n\n\n\n<figure class=\"wp-block-image size-large\"><img loading=\"lazy\" decoding=\"async\" width=\"1024\" height=\"576\" src=\"https:\/\/mediab.si\/wp-content\/uploads\/2023\/05\/okna-1024x576.jpg\" alt=\"\" class=\"wp-image-217\" srcset=\"https:\/\/mediab.si\/wp-content\/uploads\/2023\/05\/okna-1024x576.jpg 1024w, https:\/\/mediab.si\/wp-content\/uploads\/2023\/05\/okna-300x169.jpg 300w, https:\/\/mediab.si\/wp-content\/uploads\/2023\/05\/okna-768x432.jpg 768w, https:\/\/mediab.si\/wp-content\/uploads\/2023\/05\/okna.jpg 1080w\" sizes=\"auto, (max-width: 1024px) 100vw, 1024px\" \/><\/figure>\n\n\n\n<figure class=\"wp-block-gallery has-nested-images columns-default is-cropped wp-block-gallery-2 is-layout-flex wp-block-gallery-is-layout-flex\">\n<figure class=\"wp-block-image size-full\"><img loading=\"lazy\" decoding=\"async\" width=\"408\" height=\"612\" data-id=\"219\" src=\"https:\/\/mediab.si\/wp-content\/uploads\/2023\/05\/istockphoto-184932727-612x612-1.jpg\" alt=\"\" class=\"wp-image-219\" srcset=\"https:\/\/mediab.si\/wp-content\/uploads\/2023\/05\/istockphoto-184932727-612x612-1.jpg 408w, https:\/\/mediab.si\/wp-content\/uploads\/2023\/05\/istockphoto-184932727-612x612-1-200x300.jpg 200w\" sizes=\"auto, (max-width: 408px) 100vw, 408px\" \/><\/figure>\n\n\n\n<figure class=\"wp-block-image size-large\"><img loading=\"lazy\" decoding=\"async\" width=\"1024\" height=\"1024\" data-id=\"221\" src=\"https:\/\/mediab.si\/wp-content\/uploads\/2023\/05\/RAPTOR-Hybrid-5-1024x1024.webp\" alt=\"\" class=\"wp-image-221\" srcset=\"https:\/\/mediab.si\/wp-content\/uploads\/2023\/05\/RAPTOR-Hybrid-5-1024x1024.webp 1024w, https:\/\/mediab.si\/wp-content\/uploads\/2023\/05\/RAPTOR-Hybrid-5-300x300.webp 300w, https:\/\/mediab.si\/wp-content\/uploads\/2023\/05\/RAPTOR-Hybrid-5-150x150.webp 150w, https:\/\/mediab.si\/wp-content\/uploads\/2023\/05\/RAPTOR-Hybrid-5-768x768.webp 768w, https:\/\/mediab.si\/wp-content\/uploads\/2023\/05\/RAPTOR-Hybrid-5.webp 1500w\" sizes=\"auto, (max-width: 1024px) 100vw, 1024px\" \/><\/figure>\n<\/figure>\n","protected":false},"excerpt":{"rendered":"<p>\u010ci\u0161\u010denje oken in steklenih povr\u0161in Velik pomen pri estetskem videzu objekta igrajo steklene povr\u0161ine, ki pa se zaradi ob\u010dutljivosti hitro uma\u017eejo in se na njih dodatno nabirajo pra\u0161ni delci ter ostala umazanija. \u010ci\u0161\u010denje oken in drugih steklenih povr\u0161in\u00a0zato zahteva kar nekaj truda, poleg tega pa je \u010di\u0161\u010denje potrebno tudi ustrezno izvesti, saj sicer ne bomo &hellip; <\/p>\n<p class=\"link-more\"><a href=\"https:\/\/mediab.si\/index.php\/okna\/\" class=\"more-link\">Read more<span class=\"screen-reader-text\"> &#8220;Okna&#8221;<\/span><\/a><\/p>\n","protected":false},"author":1,"featured_media":0,"parent":0,"menu_order":0,"comment_status":"closed","ping_status":"closed","template":"","meta":{"footnotes":""},"class_list":["post-140","page","type-page","status-publish","hentry"],"acf":[],"_links":{"self":[{"href":"https:\/\/mediab.si\/index.php\/wp-json\/wp\/v2\/pages\/140","targetHints":{"allow":["GET"]}}],"collection":[{"href":"https:\/\/mediab.si\/index.php\/wp-json\/wp\/v2\/pages"}],"about":[{"href":"https:\/\/mediab.si\/index.php\/wp-json\/wp\/v2\/types\/page"}],"author":[{"embeddable":true,"href":"https:\/\/mediab.si\/index.php\/wp-json\/wp\/v2\/users\/1"}],"replies":[{"embeddable":true,"href":"https:\/\/mediab.si\/index.php\/wp-json\/wp\/v2\/comments?post=140"}],"version-history":[{"count":3,"href":"https:\/\/mediab.si\/index.php\/wp-json\/wp\/v2\/pages\/140\/revisions"}],"predecessor-version":[{"id":222,"href":"https:\/\/mediab.si\/index.php\/wp-json\/wp\/v2\/pages\/140\/revisions\/222"}],"wp:attachment":[{"href":"https:\/\/mediab.si\/index.php\/wp-json\/wp\/v2\/media?parent=140"}],"curies":[{"name":"wp","href":"https:\/\/api.w.org\/{rel}","templated":true}]}}